{"id":723,"date":"2025-01-09T07:20:30","date_gmt":"2025-01-09T07:20:30","guid":{"rendered":"https:\/\/indigo-guanaco-564160.hostingersite.com\/?post_type=product&#038;p=723"},"modified":"2025-05-01T16:04:08","modified_gmt":"2025-05-01T16:04:08","slug":"hoa-chat-h3po4-2","status":"publish","type":"product","link":"https:\/\/www.lacphat.com\/index.php\/san-pham\/hoa-chat-h3po4-2\/","title":{"rendered":"H\u00f3a ch\u1ea5t H3PO4"},"content":{"rendered":"<h2 id=\"mcetoc_1fhn6ojfq0\">1. Phosphoric acid l\u00e0 g\u00ec?<\/h2>\n<ul>\n<li>Phosphoric acid l\u00e0 axit c\u00f3 \u0111\u1ed9 m\u1ea1nh trung b\u00ecnh v\u00e0 kh\u00f4ng c\u00f3 t\u00ednh oxy h\u00f3a v\u1edbi c\u00f4ng th\u1ee9c h\u00f3a h\u1ecdc l\u00e0 H3PO4. V\u00ec l\u00e0 m\u1ed9t axit c\u00f3 c\u1ea5u tr\u00fac 3 n\u1ea5c n\u00ean ch\u00fang d\u1ec5 d\u00e0ng tham gia c\u00e1c ph\u1ea3n \u1ee9ng v\u1edbi nhi\u1ec1u ch\u1ea5t v\u00e0 c\u0169ng nh\u1edd v\u00e0o \u0111\u1eb7c \u0111i\u1ec3m n\u00e0y m\u00e0 H3PO4 \u0111\u01b0\u1ee3c \u1ee9ng d\u1ee5ng nhi\u1ec1u trong s\u1ea3n xu\u1ea5t nh\u01b0 s\u1ea3n xu\u1ea5t ph\u00e2n b\u00f3n (\u0111i\u1ec3n h\u00ecnh l\u00e0 superphosphat \u0111\u01a1n v\u00e0 ph\u00e2n supephosphat k\u00e9p), th\u1ee9c \u0103n gia s\u00fac, d\u01b0\u1ee3c ph\u1ea9m, l\u00e0m ch\u1ea5t x\u00fac t\u00e1c trong t\u1ed5ng h\u1ee3p h\u1eefu c\u01a1, ch\u1ea5t ch\u1ed1ng \u0103n m\u00f2n kim lo\u1ea1i, ch\u1ea5t t\u1ea9m g\u1ed7 ch\u1ed1ng ch\u00e1y, s\u1ea3n xu\u1ea5t thu\u1ed1c tr\u1eeb s\u00e2u,\u2026. M\u1ed9t s\u1ed1 t\u00ean g\u1ecdi kh\u00e1c c\u1ee7a Axit photphoric l\u00e0 trihi\u0111roxi\u0111ioxi \u0111o photpho, acid orthophosphoric<\/li>\n<li>Tr\u00ean th\u1ecb tr\u01b0\u1eddng, dung d\u1ecbch axit phosphoric \u0111\u1eadm \u0111\u1eb7c \u0111\u01b0\u1ee3c b\u00e1n th\u01b0\u1eddng c\u00f3 n\u1ed3ng \u0111\u1ed9 85%. Ch\u00fang \u0111\u01b0\u1ee3c s\u1eed d\u1ee5ng trong qu\u00e1 tr\u00ecnh s\u1ea3n xu\u1ea5t c\u00e1c lo\u1ea1i ph\u00e2n b\u00f3n (superphosphat \u0111\u01a1n, ph\u00e2n supephosphat k\u00e9p), d\u01b0\u1ee3c ph\u1ea9m, l\u00e0m ch\u1ea5t x\u00fac t\u00e1c trong t\u1ed5ng h\u1ee3p h\u1eefu c\u01a1, s\u1ea3n xu\u1ea5t th\u1ee9c \u0103n gia s\u00fac, thu\u1ed1c tr\u1eeb s\u00e2u, ch\u1ea5t t\u1ea9m g\u1ed7 ch\u1ed1ng ch\u00e1y, ch\u1ea5t ch\u1ed1ng \u0103n m\u00f2n kim lo\u1ea1i,&#8230;.<\/li>\n<\/ul>\n<h2 id=\"mcetoc_1fhn6r7c97\">2. Nh\u1eefng \u1ee9ng d\u1ee5ng quan tr\u1ecdng c\u1ee7a axit photphoric trong cu\u1ed9c s\u1ed1ng<\/h2>\n<ul>\n<li>D\u00f9ng trong s\u1ea3n xu\u1ea5t ph\u00e2n b\u00f3n: Nh\u1edd h\u00e0m l\u01b0\u1ee3ng diphospho pentaoxit P2O5 cao &gt; 70% m\u00e0 acid phosphoric \u0111\u01b0\u1ee3c s\u1eed d\u1ee5ng l\u00e0m nguy\u00ean li\u1ec7u \u0111\u1ec3 s\u1ea3n xu\u1ea5t ph\u00e2n b\u00f3n.<\/li>\n<li>H3PO4 \u0111\u01b0\u1ee3c s\u1eed d\u1ee5ng trong x\u1eed l\u00fd n\u01b0\u1edbc th\u1ea3i c\u1ee7a c\u00e1c ng\u00e0nh s\u1ea3n xu\u1ea5t c\u00f4ng nghi\u1ec7p nh\u01b0 d\u1ec7t may, \u0111i\u1ec7n t\u1eed, xi m\u1ea1\u2026 nh\u1eb1m c\u00e2n b\u1eb1ng n\u1ed3ng \u0111\u1ed9 pH c\u00f3 trong n\u01b0\u1edbc th\u1ea3i, t\u1ea1o \u0111i\u1ec1u ki\u1ec7n thu\u1eadn l\u1ee3i cho qu\u00e1 tr\u00ecnh keo t\u1ee5 v\u00e0 l\u1eafng \u0111\u1ecdng sau n\u00e0y.<\/li>\n<li>Trong c\u00f4ng nghi\u1ec7p s\u1ea3n xu\u1ea5t s\u01a1n, H3PO4 \u0111\u01b0\u1ee3c th\u00eam v\u00e0o v\u1edbi m\u1ee5c \u0111\u00edch t\u0103ng kh\u1ea3 n\u0103ng b\u00e1m d\u00ednh, t\u0103ng t\u1ed1c \u0111\u1ed9 bay h\u01a1i \u0111\u1ec3 s\u01a1n nhanh kh\u00f4 h\u01a1n v\u00e0 ch\u1ed1ng g\u1ec9 cho b\u1ec1 m\u1eb7t kim lo\u1ea1i.<br \/>\nTrong nha khoa, acid phosphoric \u0111\u01b0\u1ee3c s\u1eed d\u1ee5ng l\u00e0m ch\u1ea5t v\u1ec7 sinh, l\u00e0 dung d\u1ecbch l\u00e0m s\u1ea1ch v\u00e0 t\u1ea9y tr\u1eafng r\u0103ng.<br \/>\nAcid phosphoric \u0111\u01b0\u1ee3c d\u00f9ng trong c\u00f4ng nghi\u1ec7p s\u1ea3n xu\u1ea5t th\u1ef1c ph\u1ea9m nh\u01b0 s\u1ea3n xu\u1ea5t n\u01b0\u1edbc ng\u1ecdt, th\u1ea1ch rau c\u00e2u, m\u1ee9t, pho m\u00e1t ho\u1eb7c \u0111\u1ec3 t\u1ea1o h\u01b0\u01a1ng th\u01a1m cho th\u1ef1c ph\u1ea9m.<br \/>\nL\u00e0 nguy\u00ean li\u1ec7u \u0111\u1ec3 s\u1ea3n xu\u1ea5t th\u1ee9c \u0103n gia s\u00fac, thu\u1ef7 tinh, xi m\u1ea1, s\u1ea3n xu\u1ea5t ch\u1ea5t gi\u1eb7t t\u1ea9y, g\u1ea1ch men, x\u1eed l\u00fd n\u01b0\u1edbc, s\u1ea3n xu\u1ea5t thu\u1ed1c tr\u1eeb s\u00e2u\u2026<\/li>\n<li>Tham gia qu\u00e1 tr\u00ecnh phosphat h\u00f3a nh\u1eb1m t\u1ea1o ra mu\u1ed1i phosphat \u0111\u01b0\u1ee3c d\u00f9ng cho s\u1ea3n xu\u1ea5t v\u00e0 c\u00f4ng nghi\u1ec7p. C\u00e1c lo\u1ea1i mu\u1ed1i nh\u01b0 natri phosphat khi k\u1ebft h\u1ee3p c\u00f9ng m\u1ed9t s\u1ed1 th\u00e0nh ph\u1ea7n ph\u1ee5 gia c\u00f3 kh\u1ea3 n\u0103ng l\u00e0m ra b\u1ed9t n\u1edf hay b\u1ed9t n\u01b0\u1edbng b\u00e1nh. Nh\u1edd \u0111\u00f3 m\u00e0 vi\u1ec7c s\u1ea3n xu\u1ea5t nh\u1eefng th\u00e0nh ph\u1ea9m ti\u00eau d\u00f9ng h\u00e0ng ng\u00e0y cho con ng\u01b0\u1eddi tr\u1edf n\u00ean \u0111\u01a1n gi\u1ea3n h\u01a1n.<br \/>\nS\u1eed d\u1ee5ng nh\u01b0 m\u1ed9t ch\u1ea5t x\u00fac t\u00e1c hi\u1ec7u qu\u1ea3 trong qu\u00e1 tr\u00ecnh t\u1ed5ng h\u1ee3p c\u00e1c ch\u1ea5t h\u1eefu c\u01a1, ch\u1ea5t ch\u1ed1ng ch\u00e1y hay ch\u1ea5t l\u00e0m gi\u1ea3m qu\u00e1 tr\u00ecnh kim lo\u1ea1i b\u1ecb \u0103n m\u00f2n,\u2026<\/li>\n<\/ul>\n<p>Qu\u00fd kh\u00e1ch h\u00e0ng quan t\u00e2m \u0111\u1ebfn h\u00f3a ch\u1ea5t l\u0129nh v\u1ef1c inox, h\u00f3a ch\u1ea5t l\u0129nh v\u1ef1c s\u01a1n t\u0129nh \u0111i\u1ec7n, h\u00f3a ch\u1ea5t l\u0129nh v\u1ef1c xi m\u1ea1, h\u00f3a ch\u1ea5t ng\u00e0nh t\u00f4n, h\u00f3a ch\u1ea5t x\u1eed l\u00ed nh\u00f4m, h\u00f3a ch\u1ea5t x\u1eed l\u00ed n\u01b0\u1edbc, h\u00e3y truy c\u1eadp ngay website\u00a0<a href=\"https:\/\/www.lacphat.com\/\">www.lacphat.com<\/a>\u00a0ho\u1eb7c g\u1ecdi ngay \u0111\u1ebfn\u00a0<strong>Hotline: 0904.134.979<\/strong>\u00a0\u0111\u1ec3 \u0111\u01b0\u1ee3c t\u01b0 v\u1ea5n v\u00e0 b\u00e1o gi\u00e1 t\u1ed1t nh\u1ea5t.<\/p>\n","protected":false},"excerpt":{"rendered":"<p>1. Phosphoric acid l\u00e0 g\u00ec? Phosphoric acid l\u00e0 axit c\u00f3 \u0111\u1ed9 m\u1ea1nh trung b\u00ecnh v\u00e0 kh\u00f4ng c\u00f3 t\u00ednh oxy h\u00f3a v\u1edbi c\u00f4ng th\u1ee9c h\u00f3a h\u1ecdc l\u00e0 H3PO4. V\u00ec l\u00e0 m\u1ed9t axit c\u00f3 c\u1ea5u tr\u00fac 3 n\u1ea5c n\u00ean ch\u00fang d\u1ec5 d\u00e0ng tham gia c\u00e1c ph\u1ea3n \u1ee9ng v\u1edbi nhi\u1ec1u ch\u1ea5t v\u00e0 c\u0169ng nh\u1edd v\u00e0o \u0111\u1eb7c \u0111i\u1ec3m n\u00e0y&hellip;&nbsp;<a href=\"https:\/\/www.lacphat.com\/index.php\/san-pham\/hoa-chat-h3po4-2\/\" rel=\"bookmark\">\u0110\u1ecdc ti\u1ebfp &raquo;<span class=\"screen-reader-text\">H\u00f3a ch\u1ea5t H3PO4<\/span><\/a><\/p>\n","protected":false},"featured_media":1438,"comment_status":"open","ping_status":"closed","template":"","meta":{"neve_meta_sidebar":"","neve_meta_container":"","neve_meta_enable_content_width":"off","neve_meta_content_width":100,"neve_meta_title_alignment":"","neve_meta_author_avatar":"","neve_post_elements_order":"","neve_meta_disable_header":"","neve_meta_disable_footer":"","neve_meta_disable_title":""},"product_cat":[33,32],"product_tag":[],"class_list":{"0":"post-723","1":"product","2":"type-product","3":"status-publish","4":"has-post-thumbnail","6":"product_cat-hoa-chat-linh-vuc-inox","7":"product_cat-hoa-chat-linh-vuc-xi-ma","9":"first","10":"instock","11":"taxable","12":"shipping-taxable","13":"product-type-simple"},"_links":{"self":[{"href":"https:\/\/www.lacphat.com\/index.php\/wp-json\/wp\/v2\/product\/723","targetHints":{"allow":["GET"]}}],"collection":[{"href":"https:\/\/www.lacphat.com\/index.php\/wp-json\/wp\/v2\/product"}],"about":[{"href":"https:\/\/www.lacphat.com\/index.php\/wp-json\/wp\/v2\/types\/product"}],"replies":[{"embeddable":true,"href":"https:\/\/www.lacphat.com\/index.php\/wp-json\/wp\/v2\/comments?post=723"}],"wp:featuredmedia":[{"embeddable":true,"href":"https:\/\/www.lacphat.com\/index.php\/wp-json\/wp\/v2\/media\/1438"}],"wp:attachment":[{"href":"https:\/\/www.lacphat.com\/index.php\/wp-json\/wp\/v2\/media?parent=723"}],"wp:term":[{"taxonomy":"product_cat","embeddable":true,"href":"https:\/\/www.lacphat.com\/index.php\/wp-json\/wp\/v2\/product_cat?post=723"},{"taxonomy":"product_tag","embeddable":true,"href":"https:\/\/www.lacphat.com\/index.php\/wp-json\/wp\/v2\/product_tag?post=723"}],"curies":[{"name":"wp","href":"https:\/\/api.w.org\/{rel}","templated":true}]}}