{"id":365,"date":"2024-12-18T08:55:51","date_gmt":"2024-12-18T08:55:51","guid":{"rendered":"http:\/\/localhost:8888\/lac-phat\/?post_type=product&#038;p=365"},"modified":"2025-05-01T16:22:32","modified_gmt":"2025-05-01T16:22:32","slug":"hoa-chat-tay-dau-kiem-dang-bot-p28","status":"publish","type":"product","link":"https:\/\/www.lacphat.com\/index.php\/san-pham\/hoa-chat-tay-dau-kiem-dang-bot-p28\/","title":{"rendered":"H\u00f3a ch\u1ea5t HCl"},"content":{"rendered":"<h2 id=\"mcetoc_1eh3n1lf40\">1. Axit clohydric l\u00e0 g\u00ec?<\/h2>\n<p><strong>Axit clohydric<\/strong>\u00a0l\u00e0 m\u1ed9t h\u1ee3p ch\u1ea5t v\u00f4 c\u01a1 c\u00f3 t\u00ednh axit m\u1ea1nh, ch\u00fang c\u00f3 c\u00f4ng th\u1ee9c h\u00f3a h\u1ecdc l\u00e0 HCl, c\u00f3 c\u00e1c t\u00ean g\u1ecdi kh\u00e1c nh\u01b0:\u00a0Axit clohy\u0111ric, axit hi\u0111rocloric, axit muriatic, cloran,\u00a0axit clo.<\/p>\n<p>Axit n\u00e0y t\u1ed3n t\u1ea1i d\u01b0\u1edbi hai d\u1ea1ng: l\u1ecfng v\u00e0 kh\u00ed, \u0111\u01b0\u1ee3c s\u1eed d\u1ee5ng r\u1ed9ng r\u00e3i trong c\u00e1c ng\u00e0nh c\u00f4ng nghi\u1ec7p d\u01b0\u1ee3c ph\u1ea9m, h\u00f3a h\u1ecdc v\u00e0 trong x\u00e2y d\u1ef1ng c\u00e1c ch\u1ebf ph\u1ea9m&#8230;<\/p>\n<p>Tuy nhi\u00ean,\u00a0HCl\u00a0c\u00f3 kh\u1ea3 n\u0103ng \u0103n m\u00f2n c\u00e1c m\u00f4, g\u00e2y t\u1ed5n th\u01b0\u01a1ng \u0111\u1ebfn nh\u1eefng c\u01a1 quan h\u00f4 h\u1ea5p, m\u1eaft, da&#8230; n\u00ean khi s\u1eed d\u1ee5ng b\u1ea1n c\u1ea7n h\u1ebft s\u1ee9c c\u1ea9n th\u1eadn.<\/p>\n<h2 id=\"mcetoc_1eh3n1prd1\">2. C\u1ea5u t\u1ea1o ph\u00e2n t\u1eed c\u1ee7a axit clohydric HCl<\/h2>\n<p id=\"mcetoc_1eh3n1u212\">C\u1ea5u t\u1ea1o ph\u00e2n t\u1eed c\u1ee7a acid clohydric HCl g\u1ed3m c\u00f3 hai nguy\u00ean t\u1eed \u0111\u01a1n gi\u1ea3n, bao g\u1ed3m m\u1ed9t\u00a0nguy\u00ean t\u1eed hidro v\u00e0 m\u1ed9t nguy\u00ean t\u1eed\u00a0clo\u00a0k\u1ebft h\u1ee3p v\u1edbi nhau th\u00f4ng qua m\u1ed9t\u00a0li\u00ean k\u1ebft \u0111\u01a1n\u00a0c\u1ed9ng h\u00f3a tr\u1ecb.<\/p>\n<p><strong>Kh\u1ed1i l\u01b0\u1ee3ng ri\u00eang c\u1ee7a HCl l\u00e0 1.49kg\/m<sup>3<\/sup><\/strong><\/p>\n<h2 id=\"mcetoc_1dramovma4\">3. Nh\u1eefng \u1ee9ng d\u1ee5ng quan tr\u1ecdng c\u1ee7a axit clohydric trong cu\u1ed9c s\u1ed1ng, s\u1ea3n xu\u1ea5t<\/h2>\n<ul>\n<li>Axit clohydric HCl \u0111\u01b0\u1ee3c s\u1eed d\u1ee5ng trong ngh\u00e0nh ch\u00f4ng nghi\u1ec7p nh\u01b0: S\u1eaft th\u00e9p, x\u01b0\u1edfng xi m\u1ea1, s\u1ea3n xu\u1ea5t chitin, x\u01b0\u1edfng luy\u1ec7n kim, x\u01b0\u1edfng h\u00e0n \u0111i\u1ec7n, s\u1ea3n xu\u1ea5t cao su, c\u00e1c ng\u00e0nh ch\u1ebf bi\u1ebfn th\u1ef1c ph\u1ea9m (Nh\u00e0 m\u00e1y \u0111\u01b0\u1eddng, b\u1ed9t ng\u1ed9t, n\u01b0\u1edbc t\u01b0\u01a1ng), nh\u00e0 m\u00e1y x\u1eed l\u00fd n\u01b0\u1edbc v\u00e0 c\u00e1c ng\u00e0nh c\u00f4ng nghi\u1ec7p h\u00f3a ch\u1ea5t, c\u00e1c nh\u00e0 m\u00e1y \u0111i\u1ec7n, c\u00e1c ng\u00e0nh khai th\u00e1c kho\u00e1ng s\u1ea3n&#8230;<\/li>\n<li>V\u00ec axit clohidric c\u00f3 t\u00ednh kh\u1eed n\u00ean ch\u1ee7 y\u1ebfu \u0111\u01b0\u1ee3c s\u1eed d\u1ee5ng \u0111\u1ec3 trung h\u00f2a pH trong x\u1eed l\u00fd n\u01b0\u1edbc th\u1ea3i. \u0110\u01b0\u1ee3c s\u1eed d\u1ee5ng nh\u01b0 ch\u1ea5t \u0111\u1ec3 lo\u1ea1i b\u1ecf ion Ag+ c\u00f3\u00a0 trong n\u01b0\u1edbc th\u1ea3i ( n\u01b0\u1edbc th\u1ea3i xi m\u1ea1).<\/li>\n<li>R\u1eeda chai l\u1ecd th\u1ee7y tinh.<\/li>\n<li>C\u00f4ng nghi\u1ec7p thu\u1ed1c da nhu\u1ed9m, m\u1ea1 \u0111i\u1ec7n, t\u1ed5ng h\u1ee3p h\u1eefu c\u01a1.<\/li>\n<li>Axit cloric tinh khi\u1ebft d\u00f9ng \u0111\u1ec3 ch\u1ebf bi\u1ebfn th\u1ef1c ph\u1ea9m.<\/li>\n<\/ul>\n<p>N\u1ebfu b\u1ea1n \u0111ang c\u00f3 nhu c\u1ea7u mua <strong>h\u00f3a ch\u1ea5t HCl<\/strong> h\u00e3y li\u00ean h\u1ec7 ngay cho <a href=\"https:\/\/www.google.com\/maps\/place\/198+%C4%90.+V%C3%B5+V%C4%83n+Ki%E1%BB%87t,+Ph%C6%B0%E1%BB%9Dng+C%E1%BA%A7u+%C3%94ng+L%C3%A3nh,+Qu%E1%BA%ADn+1,+H%E1%BB%93+Ch%C3%AD+Minh,+Vi%E1%BB%87t+Nam\/@10.7642877,106.6952979,17z\/data=!3m1!4b1!4m6!3m5!1s0x31752f14784cd991:0x14be0ea14d67e588!8m2!3d10.7642824!4d106.6978728!16s%2Fg%2F11c5fsl_8s?entry=ttu&amp;g_ep=EgoyMDI1MDIxOS4xIKXMDSoASAFQAw%3D%3D\">LACPHAT<\/a>\u00a0theo s\u1ed1\u00a0<strong>Hotline: 0904.134.979<\/strong>\u00a0\u0111\u1ec3 \u0111\u01b0\u1ee3c t\u01b0 v\u1ea5n v\u00e0 b\u00e1o gi\u00e1 t\u1ed1t nh\u1ea5t.<\/p>\n","protected":false},"excerpt":{"rendered":"<p>1. Axit clohydric l\u00e0 g\u00ec? Axit clohydric\u00a0l\u00e0 m\u1ed9t h\u1ee3p ch\u1ea5t v\u00f4 c\u01a1 c\u00f3 t\u00ednh axit m\u1ea1nh, ch\u00fang c\u00f3 c\u00f4ng th\u1ee9c h\u00f3a h\u1ecdc l\u00e0 HCl, c\u00f3 c\u00e1c t\u00ean g\u1ecdi kh\u00e1c nh\u01b0:\u00a0Axit clohy\u0111ric, axit hi\u0111rocloric, axit muriatic, cloran,\u00a0axit clo. Axit n\u00e0y t\u1ed3n t\u1ea1i d\u01b0\u1edbi hai d\u1ea1ng: l\u1ecfng v\u00e0 kh\u00ed, \u0111\u01b0\u1ee3c s\u1eed d\u1ee5ng r\u1ed9ng r\u00e3i trong c\u00e1c ng\u00e0nh&hellip;&nbsp;<a href=\"https:\/\/www.lacphat.com\/index.php\/san-pham\/hoa-chat-tay-dau-kiem-dang-bot-p28\/\" rel=\"bookmark\">\u0110\u1ecdc ti\u1ebfp &raquo;<span class=\"screen-reader-text\">H\u00f3a ch\u1ea5t HCl<\/span><\/a><\/p>\n","protected":false},"featured_media":1449,"comment_status":"open","ping_status":"closed","template":"","meta":{"neve_meta_sidebar":"","neve_meta_container":"","neve_meta_enable_content_width":"off","neve_meta_content_width":100,"neve_meta_title_alignment":"","neve_meta_author_avatar":"","neve_post_elements_order":"","neve_meta_disable_header":"","neve_meta_disable_footer":"","neve_meta_disable_title":""},"product_cat":[32,30],"product_tag":[],"class_list":{"0":"post-365","1":"product","2":"type-product","3":"status-publish","4":"has-post-thumbnail","6":"product_cat-hoa-chat-linh-vuc-xi-ma","7":"product_cat-hoa-chat-xu-ly-nhom","9":"first","10":"instock","11":"taxable","12":"shipping-taxable","13":"product-type-simple"},"_links":{"self":[{"href":"https:\/\/www.lacphat.com\/index.php\/wp-json\/wp\/v2\/product\/365","targetHints":{"allow":["GET"]}}],"collection":[{"href":"https:\/\/www.lacphat.com\/index.php\/wp-json\/wp\/v2\/product"}],"about":[{"href":"https:\/\/www.lacphat.com\/index.php\/wp-json\/wp\/v2\/types\/product"}],"replies":[{"embeddable":true,"href":"https:\/\/www.lacphat.com\/index.php\/wp-json\/wp\/v2\/comments?post=365"}],"wp:featuredmedia":[{"embeddable":true,"href":"https:\/\/www.lacphat.com\/index.php\/wp-json\/wp\/v2\/media\/1449"}],"wp:attachment":[{"href":"https:\/\/www.lacphat.com\/index.php\/wp-json\/wp\/v2\/media?parent=365"}],"wp:term":[{"taxonomy":"product_cat","embeddable":true,"href":"https:\/\/www.lacphat.com\/index.php\/wp-json\/wp\/v2\/product_cat?post=365"},{"taxonomy":"product_tag","embeddable":true,"href":"https:\/\/www.lacphat.com\/index.php\/wp-json\/wp\/v2\/product_tag?post=365"}],"curies":[{"name":"wp","href":"https:\/\/api.w.org\/{rel}","templated":true}]}}